are the prime factors of 22578881?
13, 31, 179, 313
What are the prime factors of 64?
2
What are the prime factors of 460404?
2, 3, 7, 29
What are the prime factors of 2349266?
2, 23, 51071
What are the prime factors of 1515535?
5, 7, 19, 43, 53
What are the prime factors of 3571?
3571
List the prime factors of 5367514.
2, 2683757
List the prime factors of 901748.
2, 17, 89, 149
What are the prime factors of 20208449?
41, 47, 10487
List the prime factors of 558331.
17, 32843
List the prime factors of 23055337.
211, 109267
What are the prime factors of 27541?
27541
What are the prime factors of 732512?
2, 11, 2081
List the prime factors of 186561.
3, 19, 1091
What are the prime factors of 144813?
3, 48271
What are the prime factors of 195410?
2, 5, 19541
What are the prime factors of 16937543?
7, 59, 41011
What are the prime factors of 2239851?
3, 281, 2657
List the prime factors of 180524.
2, 45131
List the prime factors of 5775875.
5, 7, 23, 41
What are the prime factors of 73279?
127, 577
List the prime factors of 48386.
2, 13, 1861
What are the prime factors of 6054485?
5, 1210897
List the prime factors of 505018.
2, 252509
What are the prime factors of 1821728?
2, 56929
What are the prime factors of 6617515?
5, 1323503
What are the prime factors of 892810?
2, 5, 19, 37, 127
List the prime factors of 65487.
3, 83, 263
List the prime factors of 17308459.
7, 2472637
What are the prime factors of 1712165?
5, 7, 13, 53, 71
List the prime factors of 391799.
17, 19, 1213
What are the prime factors of 1319022?
2, 3, 127, 577
List the prime factors of 942601.
11, 85691
List the prime factors of 116191.
116191
List the prime factors of 343451.
17, 89, 227
List the prime factors of 474968.
2, 13, 4567
List the prime factors of 215840.
2, 5, 19, 71
List the prime factors of 138178.
2, 59, 1171
List the prime factors of 5307.
3, 29, 61
List the prime factors of 964179.
3, 149, 719
What are the prime factors of 3590664?
2, 3, 7, 11, 29, 67
What are the prime factors of 85954?
2, 11, 3907
List the prime factors of 18460310.
2, 5, 11, 257, 653
List the prime factors of 17624491.
461, 38231
What are the prime factors of 1235113?
11, 47, 2389
List the prime factors of 39815056.
2, 419, 5939
List the prime factors of 7059546.
2, 3, 13, 30169
What are the prime factors of 354920?
2, 5, 19, 467
What are the prime factors of 8423353?
8423353
What are the prime factors of 167086?
2, 19, 4397
List the prime factors of 2978495.
5, 13, 45823
List the prime factors of 276721.
276721
List the prime factors of 7951843.
59, 134777
List the prime factors of 12165313.
12165313
What are the prime factors of 3673597?
3673597
List the prime factors of 260873.
260873
List the prime factors of 4837715.
5, 43, 22501
What are the prime factors of 1922052?
2, 3, 11, 14561
List the prime factors of 2053406.
2, 19, 54037
List the prime factors of 410753.
7, 58679
What are the prime factors of 18323937?
3, 47, 43319
List the prime factors of 110761.
7, 15823
List the prime factors of 849062.
2, 29, 14639
List the prime factors of 59994.
2, 3, 11, 101
What are the prime factors of 129934?
2, 7, 9281
List the prime factors of 2861981.
29, 98689
List the prime factors of 39011.
7, 5573
List the prime factors of 9089169.
3, 17, 31, 5749
List the prime factors of 9523621.
17, 560213
What are the prime factors of 20020246?
2, 541, 18503
What are the prime factors of 27408764?
2, 61, 112331
What are the prime factors of 2411378?
2, 397, 3037
List the prime factors of 513831.
3, 59, 2903
What are the prime factors of 285345?
3, 5, 17, 373
List the prime factors of 1788177.
3, 596059
List the prime factors of 2801997.
3, 11, 31, 83
List the prime factors of 741757.
67, 11071
List the prime factors of 304984.
2, 67, 569
List the prime factors of 8061003.
3, 895667
What are the prime factors of 6914624?
2, 108041
What are the prime factors of 185165?
5, 29, 1277
What are the prime factors of 852906?
2, 3, 142151
List the prime factors of 289015.
5, 57803
List the prime factors of 1051977.
3, 17, 20627
What are the prime factors of 17486605?
5, 3497321
List the prime factors of 273106.
2, 19, 7187
What are the prime factors of 14009011?
14009011
What are the prime factors of 23884672?
2, 7, 19, 23, 61
List the prime factors of 1280391.
3, 7, 19, 3209
What are the prime factors of 11166991?
11, 233, 4357
What are the prime factors of 259633?
11, 23603
What are the prime factors of 37580043?
3, 19, 659299
List the prime factors of 3467525.
5, 53, 2617
What are the prime factors of 105043?
17, 37, 167
List the prime factors of 9373997.
31, 127, 2381
List the prime factors of 1955730.
2, 3, 5, 7, 67, 139
What are the prime factors of 24977878?
2, 31, 402869
List the prime factors of 90997.
90997
List the prime factors of 521930.
2, 5, 19, 41, 67
What are the prime factors of 27193562?
2, 11, 97, 12743
List the prime factors of 294023.
294023
List the prime factors of 7193380.
2, 5, 17, 21157
List the prime factors of 977245.
5, 17, 11497
What are the prime factors of 6708499?
7, 958357
What are the prime factors of 434608?
2, 23, 1181
List the prime factors of 6793286.
2, 47, 72269
List the prime factors of 1606677.
3, 127, 4217
What are the prime factors of 4021947?
3, 148961
What are the prime factors of 265594?
2, 7, 61, 311
What are the prime factors of 193395?
3, 5, 12893
List the prime factors of 341806.
2, 31, 37, 149
List the prime factors of 26224.
2, 11, 149
List the prime factors of 20078.
2, 10039
What are the prime factors of 5729750?
2, 5, 13, 41, 43
What are the prime factors of 3651193?
7, 13, 40123
List the prime factors of 21902888.
2, 7, 29, 13487
What are the prime factors of 640789?
41, 15629
List the prime factors of 875757.
3, 67, 4357
List the prime factors of 8099986.
2, 821, 4933
What are the prime factors of 58977?
3, 6553
List the prime factors of 11287718.
2, 13, 191, 2273
List the prime factors of 477729.
3, 7, 7583
What are the prime factors of 6161812?
2, 1540453
List the prime factors of 2085041.
7, 19, 61, 257
What are the prime factors of 342837?
3, 11, 3463
What are the prime factors of 2360543?
2360543
List the prime factors of 128265.
3, 5, 17, 503
What are the prime factors of 550821?
3, 89, 2063
What are the prime factors of 747465?
3, 5, 49831
What are the prime factors of 368442?
2, 3, 6823
List the prime factors of 8484685.
5, 11, 154267
List the prime factors of 170671.
103, 1657
What are the prime factors of 8820355?
5, 1764071
List the prime factors of 205250.
2, 5, 821
What are the prime factors of 4086716?
2, 41, 24919
List the prime factors of 2228556.
2, 3, 11, 16883
List the prime factors of 3520095.
3, 5, 234673
List the prime factors of 18663826.
2, 163, 57251
What are the prime factors of 404907?
3, 139, 971
List the prime factors of 25893311.
25893311
What are the prime factors of 553128?
2, 3, 19, 1213
What are the prime factors of 8625407?
7, 1232201
List the prime factors of 3329610.
2, 3, 5, 41, 2707
List the prime factors of 1232459.
73, 16883
List the prime factors of 380970.
2, 3, 5, 17, 83
List the prime factors of 375390.
2, 3, 5, 43, 97
What are the prime factors of 25656169?
7, 11, 333197
What are the prime factors of 401031?
3, 4951
What are the prime factors of 5253590?
2, 5, 525359
List the prime factors of 290853.
3, 17, 1901
List the prime factors of 10281190.
2, 5, 37, 751
List the prime factors of 9223843.
17, 542579
What are the prime factors of 2956028?
2, 17, 29, 1499
List the prime factors of 930897.
3, 11, 9403
List the prime factors of 160393.
107, 1499
What are the prime factors of 3929049?
3, 53, 8237
List the prime factors of 981327.
3, 109, 3001
List the prime factors of 914009.
47, 19447
What are the prime factors of 7963490?
2, 5, 131, 6079
List the prime factors of 603026.
2, 29, 37, 281
What are the prime factors of 2716255?
5, 167, 3253
List the prime factors of 36284.
2, 47, 193
List the prime factors of 20132869.
3467, 5807
List the prime factors of 24519758.
2, 12259879
What are the prime factors of 4798372?
2, 1199593
What are the prime factors of 1359645?
3, 5, 7, 23, 563
List the prime factors of 334822.
2, 83, 2017
List the prime factors of 1236101.
859, 1439
List the prime factors of 26811679.
19, 